21, -5*w - 15 = 0. List the prime factors of d(f).
2, 3, 41
Let o(a) = -a**3 - 14*a**2 - 18*a - 245. Let q be o(-14). List the prime factors of ((-56)/q - -2070) + -6.
2, 257
List the prime factors of ((-806085)/12)/(-5) + ((-12)/3)/(-16).
5, 2687
Let s(y) = 3*y**2 - 56*y + 157. Let v be s(3). Suppose -r - 13830 = -v*r. What are the prime factors of r?
2, 461
Let c be -4 - (930/(-4) - 4/8). Suppose -1048 = -c*i + 225*i. List the prime factors of i.
2, 131
Let p(u) = 5 + 1 - 1 + 2 - 9*u. Let b(c) = -c**3 - 13*c**2 + 13*c - 18. Let f be b(-14). What are the prime factors of p(f)?
43
Let i be -2*1 + (-5)/(5/(-6)). Suppose -i*a = -7*a + 6. Suppose -a*t + 101 = -129. What are the prime factors of t?
5, 23
Let i be -1 + 514 + (-5)/((-30)/(-18)). Let a = -13 + i. What are the prime factors of a?
7, 71
Let g(i) = 1958*i**2 + 4*i + 12. List the prime factors of g(-2).
2, 3, 653
Let c = -10322 - -15878. What are the prime factors of c?
2, 3, 463
Let k be ((-4)/(-5))/(2/(-60)). Let c = k + 27. Suppose i = d - c*d + 22, 4*i = -5*d + 73. List the prime factors of i.
2, 3
What are the prime factors of (-4)/26 - (13 + (-583176)/312)?
2, 29
Suppose -b = -8 - 22. Suppose 0 = -i + b + 13. Suppose -3*t + 0 = -2*v - 71, -i = -3*t - 5*v. List the prime factors of t.
3, 7
Suppose 2*h = -3*h - 4*z + 180, 5*h - 140 = 4*z. What are the prime factors of (-12)/(-3)*2/(h/2764)?
691
Let a be (2/(-4) + (2 - 0))*612. Let k be a/12 - (-3)/6. Suppose k = -5*q + 617. List the prime factors of q.
2, 3
Suppose 0 = -15*a + 14624 + 3751. What are the prime factors of a?
5, 7
Let x = -52130 + 75471. What are the prime factors of x?
17, 1373
Let k(o) = -12*o - 145. Let c be k(31). What are the prime factors of 1*3 + (21 - 13 - c)?
2, 3, 11
Suppose 4718 = 7*x - 20132. Suppose -x = -5*z - 5*z. List the prime factors of z.
5, 71
Let h(o) be the second derivative of -2*o**3/3 - 25*o**2/2 + 17*o. Let l be h(-7). Suppose l*x = 14 + 52. What are the prime factors of x?
2, 11
Let o = 8884 - 5035. Suppose 8*s - o - 767 = 0. Suppose 5*f + 2*i + 0*i = s, 3*i - 339 = -3*f. List the prime factors of f.
3, 13
Suppose -18 = q + 5*k, 0 = -3*q + 4*k - k + 18. Suppose l - 190 = -3*p, -2*l - q*l + 3*p + 820 = 0. What are the prime factors of l?
2, 101
Let v(z) be the third derivative of -z**6/120 + 4*z**5/15 + z**4/12 - 11*z**3/2 + 12*z**2. Let y be v(16). List the prime factors of (1*y/1)/((-18)/1098).
61
Suppose -91857 = -3*u + 42*j - 36*j, 2*u = j + 61229. List the prime factors of u.
11, 23
What are the prime factors of ((-1)/(-6)*(-6)/(-3))/((-2)/(-53076))?
2, 4423
Let u = -10760 + 17708. What are the prime factors of u?
2, 3, 193
Suppose 124*d - 51145113 = -368*d - 9692145. What are the prime factors of d?
2, 103, 409
Suppose -13*x + 10*x = -38*x + 220500. What are the prime factors of x?
2, 3, 5, 7
Let h(f) = -2*f**3 + 47*f**2 + 7*f - 17. Let w(n) = -n**3 - 7*n**2 + 3*n - 17. Let d be w(-8). What are the prime factors of h(d)?
673
What are the prime factors of (-3)/66 - (-10 + (-19113393)/286)?
2, 3, 5, 557
Let u = 159 + -757. Let i = 1627 + u. What are the prime factors of i?
3, 7
Suppose u + 523 = 3*p - 2*p, 0 = u + p + 525. Let h = -267 - u. Suppose 4*i - h + 41 = 0. What are the prime factors of i?
2, 3
Suppose b + 5*p - 2860 - 2841 = 0, b - 5677 = 3*p. List the prime factors of b.
2, 2843
Suppose -3*w + 5*g = -4, -w + 2*g + 3 = 2. Suppose -w*z - 2396 = -3*v - 4*z, 3*z = -4*v + 3198. What are the prime factors of v?
2, 3, 7, 19
Let y(k) = k**2 - 26*k + 82. Let b be y(25). What are the prime factors of 152/b*(-870)/(-4)?
2, 5, 29
Suppose -70 = -20*l + 370. Suppose -2*x - 10 = 0, 2*c + l*x - 603 = 27*x. What are the prime factors of c?
17
What are the prime factors of -569*(10 - 11)*6?
2, 3, 569
Suppose 6*m + 306 + 390 = 0. Let s = 326 + m. List the prime factors of s.
2, 3, 5, 7
Let m = -176 + 93. Let s = m + 466. Suppose -2*f - 5*d = -s, 0 = -2*f + 5*d + 190 + 143. List the prime factors of f.
179
Suppose -40*w + 34*w = 36. Let y(h) = -13 - 5*h**2 + 7*h**2 + 0*h**2. List the prime factors of y(w).
59
Suppose 463 - 48 = p. Suppose p = y + d + 92, -3*y = -5*d - 977. What are the prime factors of y?
2, 3
Let z(k) = -k**3 - 12*k**2 - 6*k + 35. Suppose g - 28 = -39. Let r be z(g). What are the prime factors of r/60 + (-20)/(-6) - -66?
3, 23
Let p(t) = -1271*t + 3702. What are the prime factors of p(-55)?
73607
Let n(r) = 47*r + 237. Let m be n(-5). Let t(o) = o**2 - 4*o + 2. Let d be t(4). List the prime factors of (-3 - -1)*((-65)/m - d).
3, 23
Suppose 2*h = -3*h + 5325. Let i = 73 - 70. What are the prime factors of (2/(-8) - h/(-36))*i?
2, 11
Suppose 69*n + 15 = 72*n. Suppose w + 9 = -4*d, -4*w - n*d = -5*w + 9. List the prime factors of (14 - 1)*(w - -10).
3, 13
Let d = 34 + -73. Let j = -10 + d. Let z = j - -120. List the prime factors of z.
71
What are the prime factors of -8*((-141460)/80 + 2)?
2, 3, 5, 157
Suppose -15629*o = -15626*o - 84378. List the prime factors of o.
2, 7, 41
Let s = 35546 + -10499. What are the prime factors of s?
3, 11, 23
Let z = -277 + 282. List the prime factors of (5 - 31/z)*-420.
2, 3, 7
Let n(f) = -f**2 + 2*f + 3. Let g be n(2). Suppose g*q = -31 + 2650. List the prime factors of q.
3, 97
Let y(g) = g**3 - 125*g**2 - 3*g + 273. List the prime factors of y(126).
3, 7, 751
List the prime factors of 1 + -3 - (-324576)/(15 + -6).
2, 13, 19, 73
Let k(t) = t**2 + 9*t + 8. Let i be k(-9). Suppose -i*o - 2*o = -8510. Suppose -11*x + o = -227. What are the prime factors of x?
2, 7
Let x = -1016 + 2056. Let r = x - 476. What are the prime factors of r?
2, 3, 47
Let i = 87 + -50. Suppose 143 = u - i. Let z = 338 - u. List the prime factors of z.
2, 79
Let g(x) = x**2 - 14. Let u be g(-8). Suppose -3*n - 158 = 5*z + 52, -n + u = -z. Let h = 3 - z. What are the prime factors of h?
2, 3
Let r = -56108 - -82475. What are the prime factors of r?
3, 11, 17, 47
Suppose z = 28*z - 4212. Let q = -73 + z. List the prime factors of q.
83
Let h = 186 - -3006. List the prime factors of ((-14)/3 - -6) + h/9.
2, 89
Let w be -2*((-900)/(-8))/(-9). Let k = 17 - w. What are the prime factors of 6/5*(-20)/k + 112?
5, 23
Let w(y) = -y**2 + 7*y - 8. Let h(v) = 2*v**2 - 14*v + 16. Let n(l) = -2*h(l) - 5*w(l). Let q be n(4). List the prime factors of (2 + -1)*-2*142/q.
71
Let b = -1706 + 7633. List the prime factors of b.
5927
Let v = -100 - -107. Suppose v*k + 3*k = 420. What are the prime factors of ((-6)/7)/((1/k)/(-1))?
2, 3
List the prime factors of ((-4)/10)/((-578)/54258305).
37549
Let z(v) = 5*v**2 + 43*v + 26. Let g be z(-8). Suppose -s = 4*x + 140 - 2388, 1114 = g*x - 2*s. What are the prime factors of x?
3, 11, 17
Suppose 0 = -3*b + 6*b - 1188. Let n = 1010 - b. Suppose -5*c = -5*t - 0*c + 760, 0 = 4*t - c - n. List the prime factors of t.
2, 7, 11
Let u(j) = -9*j + 744 + 68*j**2 - 1457 + 737. What are the prime factors of u(3)?
3, 7, 29
Suppose 3*k - r + 7025 = 19001, 4*k - 2*r - 15970 = 0. What are the prime factors of k?
13, 307
Suppose 16 = s + 3*s, 4*n = -2*s + 8. Suppose k - 3*u - 57 = n, -u + 25 = -6*u. Let a = k + 7. What are the prime factors of a?
7
List the prime factors of -20 + 12 + 36845 + (12 - 1).
2, 7, 47
Suppose -2738 + 1076 = -2*j. Let h = -432 + j. List the prime factors of h.
3, 7, 19
Let y = -234 + 415. Let u = -61 + y. List the prime factors of u.
2, 3, 5
Suppose -3*t = 5*u - 5*t + 787, -631 = 4*u - 3*t. Let g = u - -109. Let f = g - -152. What are the prime factors of f?
2, 13
Suppose 9*f = 16 + 2. Suppose -373 = -f*j + 5*b + 539, 5*b = -4*j + 1854. List the prime factors of j.
461
Let x be (-2)/4*-38*18/9. Let g = x + 139. List the prime factors of g.
3, 59
Let l = -9656 - -23774. List the prime factors of l.
2, 3, 13, 181
Let s(n) = -7*n + 152. Let z be s(-25). Suppose -z = -5*g + 753. What are the prime factors of g?
2, 3
Suppose -u - 3*h + 5 - 15 = 0, 4*h = -5*u + 5. Suppose -955 = -5*b + 2*q, -5*b + u*q - 8*q = -930. Let d = b - 98. What are the prime factors of d?
7, 13
Let j = -46 - -11. Let x = 39 + j. Suppose -d + 3*u = 2*d - 165, -16 = -x*u. List the prime factors of d.
59
Let h(v) = 167*v**2 - v + 3. Suppose 23*o - 67 = 24*o. Let y = 68 + o. What are the prime factors of h(y)?
13
Let a(d) = -18*d**2 - 33 - 86 + 47*d - d**3 - 2*d**2. List the 